ppose -2964 = -13*i - 0*i. Calculate the highest common factor of i and 24.
12
Let k(u) = u - 5. Let r be k(-7). Let m(y) = 11*y**2 + 12*y**2 - 35*y**2 + 3 - 24*y + 10*y**2. Let g be m(r). Calculate the greatest common divisor of 12 and g.
3
Let r be 22 - (4/(-2) + 0). Suppose 98 = n + 6*n. Suppose 8*f + n*f = 1320. What is the highest common factor of f and r?
12
Let n be ((-12)/(-8))/((-1)/((-40)/30)). What is the highest common factor of 422 and n?
2
Let c = 87 + -151. Let q = c + 70. Calculate the highest common divisor of q and 39.
3
Suppose 0 = -2*t - 5*z + 939, -t - t = z - 951. Calculate the greatest common divisor of t and 27.
9
Let w = 170 - 152. What is the highest common divisor of w and 66?
6
Let r = 99 - 214. Let i = r + 199. Calculate the highest common factor of i and 12.
12
Let t be -8*((-189)/12 - -2). Suppose 849 = 108*y - 231. What is the greatest common factor of t and y?
10
Let i(o) = -6*o - 45. Let m be i(-14). Let d = -6 + m. Calculate the highest common divisor of d and 22.
11
Let i(x) = -x**2 - x. Let v be i(0). Let q = 18 + v. Let l(s) = 49*s - 3. Let g be l(3). Calculate the greatest common divisor of q and g.
18
Suppose -6*l = -10*l + 28. Suppose 30 = -4*b + l*b. Calculate the highest common factor of b and 25.
5
Let g(f) = f**3 + 12*f**2 + f + 20. Suppose 3*s + 34 = -2. Let p be g(s). Let t be 30/(-9)*24/(-10). What is the highest common factor of t and p?
8
Let d(v) = -v**3 + 11*v**2 + 28*v - 24. Let h be d(13). Let u be 2/4*4*5. What is the highest common factor of h and u?
2
Let w be (-10)/(51 + -11) - (-82)/8. Calculate the greatest common factor of 70 and w.
10
Suppose 3*d = 5*k + 526, 3*k - 274 - 284 = -3*d. What is the greatest common factor of d and 70?
14
Suppose -18 = -8*w + 6*w. Suppose 2*o = 5*g + w, -g = -5*o + 3*g + 48. What is the highest common factor of 4 and o?
4
Suppose -4*l - n = -92 + 46, 0 = -4*l - 3*n + 50. Let o be (-590)/(-18) + (-4)/(-18). Calculate the highest common divisor of l and o.
11
Let x = -162 - -192. Let s be -10*6*(-12)/x. Calculate the greatest common divisor of s and 36.
12
Let j = -4 + 9. Let a be j/10 + 358/4. Let b be (1*-1)/((-6)/a). Calculate the highest common factor of 105 and b.
15
Let i = -1 + 11. Suppose 3*m + 12 = 3*d, 2*m - 5*d + i = -2*d. Let l be 35/m*12/(-7). What is the greatest common factor of l and 20?
10
Let f = -1069 + 1342. Calculate the greatest common divisor of 169 and f.
13
Let g = -22 - -26. Suppose 0 = -g*i - 2*i. Suppose -8*t + 3*t + 555 = i. What is the greatest common divisor of 74 and t?
37
Let t be 91/26*6/7. Suppose -x + 78 = 3*q, 5*q + t*x + x - 137 = 0. Calculate the highest common factor of q and 50.
25
Let v = -50 + 48. Let m be (-39)/(v/(8/6)). What is the highest common divisor of m and 65?
13
Let v(q) = -10*q**2 + q + 1. Let n be v(2). Let g = 12 - n. What is the highest common divisor of g and 7?
7
Let b(j) = 54*j**2. Let v be b(1). Let f(i) = -i + 2. Suppose 4*r = -14 - 2. Let s be f(r). Calculate the greatest common divisor of v and s.
6
Let x(b) = b**2 - 2*b - 4. Let h be x(-2). Suppose 0 = h*y - y - 3. Let s(v) = -3*v - 13. Let p be s(-5). Calculate the greatest common factor of y and p.
1
Let y(i) be the second derivative of i**4/12 + i**3/3 + 13*i**2/2 - 4*i. Let v be y(-9). Let m = -36 + v. Calculate the highest common divisor of m and 16.
8
Let w(o) = o**3 + 3241 - 3238 + 5*o + 5*o**2 + 2*o**2. Suppose -8 - 4 = 2*m. Let v be w(m). Calculate the greatest common divisor of v and 1.
1
Suppose -14 = -a + 21. Let h be (-4361)/a + 3/5. Let t be h/(-6) + 4/(-6). Calculate the highest common divisor of 5 and t.
5
Let f be (-4 - 4)/2 - (3 + -88). Calculate the greatest common factor of f and 3.
3
Suppose 0 = l - 45 - 12. Let h be ((-152)/(-12))/(638/792 + 3/(-4)). Calculate the greatest common divisor of l and h.
57
Let t(j) = 5*j - 7. Let n be t(2). Let q be 355/(-30)*-2 - (-1)/n. What is the greatest common divisor of q and 8?
8
Let p(c) = 2*c**2 - 4*c + 6. Let f be p(4). Let o(d) = -6*d**2 + 90*d + 2. Let g be o(15). Calculate the highest common divisor of g and f.
2
Suppose 1 = -u + b + 2, 0 = -4*u - 3*b + 25. Suppose c - 54 = -f - 0*c, -u*f - c + 222 = 0. Calculate the greatest common divisor of f and 14.
14
Let b = -1479 - -2753. What is the greatest common divisor of 98 and b?
98
Let x be 442/(-4)*(16 + -14 - 12). What is the greatest common factor of 65 and x?
65
Let t be 6 - (-9 - (-130)/(-10)). Calculate the greatest common divisor of t and 35.
7
Suppose 33 = 6*l + 3. Suppose 2*s - l*s + 5*k = -28, 0 = 2*s + 4*k - 48. What is the highest common factor of s and 4?
4
Let w be (-218)/(-10) + (-99)/55. Let f = 11 + -21. Let r be -25*(1 + 22/f). Calculate the greatest common factor of r and w.
10
Let r = 74 - 136. Let p be 1*(1 - (r - 3)). Let q be (p/12)/((-1)/(-2)). What is the highest common factor of q and 22?
11
Suppose -10*m + 4*m + 54 = 0. Calculate the highest common factor of m and 9.
9
Let o be -19 - (-4 - -11 - 4). Let a = 19 + o. Let p be ((-114)/2)/a + -4. Calculate the greatest common factor of 120 and p.
15
Let p(z) = -z**3 + 48*z**2 - 172*z + 48. Let n be p(44). What is the highest common divisor of n and 64?
32
Let n(x) = 3*x - 9. Let h be n(7). Let v be 428/3 + 4/h. Let m be (0 + (-3)/(-2))/((-3)/(-26)). What is the highest common divisor of v and m?
13
Suppose 32 = 5*l + 2*f, -4*f = 4*l - 7*l + 40. Calculate the greatest common divisor of 108 and l.
4
Let o(r) = 4*r**3 - 6*r**2 + 21*r - 130. Let v be o(5). Calculate the highest common factor of v and 10.
5
Let j be (-42)/98 - 11184/(-28). What is the highest common factor of j and 21?
21
Let c be 1053/(-65) - -16 - (-1046)/5. Calculate the greatest common divisor of c and 171.
19
Let m = -2 + 5. Suppose 0 = q - m*q + 32. Suppose 2*z = q + 6. Calculate the highest common factor of z and 99.
11
Suppose 2*p = 5 - 1. Suppose -4*z + 4*h = -4, -6*h + 23 = p*z - h. Suppose -4*i - 5*a + 25 = -19, -60 = -z*i - a. What is the highest common factor of i and 4?
4
Suppose -a - 48 = -4*q, -2*a - 52 = -4*q - 0*q. What is the greatest common divisor of 176 and q?
11
Let b = 71 - 58. Suppose b*d = 10*d + 120. What is the highest common factor of d and 5?
5
Let o(c) = 8*c + 4. Let y be o(3). Let h(m) = 3*m**3 - 5*m**2 + 10*m + 4. Let q be h(3). Calculate the highest common divisor of q and y.
14
Let q(k) = k**2 - 12*k - 178. Let n be q(23). Calculate the highest common divisor of n and 50.
25
Suppose 7*h - 4 = -46. Let x(n) = -n**2 + 48. Let f be x(h). What is the highest common factor of f and 4?
4
Let i = 152 - 81. Suppose 0 = 9*a - 19 - i. Calculate the highest common factor of a and 10.
10
Let l = 183 + -88. Suppose -k - 67 = -4*q - 6*k, -4*k + l = 5*q. Calculate the highest common factor of 46 and q.
23
Let t(h) = 11*h + h + h**2 - 4 + 18. Let n be t(-11). What is the greatest common factor of 3 and n?
3
Let b be 4/(-6) - (-60)/(-45). Let i be (b + -98)/(-5) + 2. Calculate the greatest common factor of i and 198.
22
Let c be (-852)/497*518/(-4). What is the highest common divisor of 12 and c?
6
Let m be (2 - 1) + (-4)/(-2). Suppose 0 = 3*c - 6, -4*c = -m*f + 6*f - 11. Let s be (-3)/f + 21 + -4. What is the highest common divisor of s and 21?
7
Suppose 5*s + t - 217 = s, -214 = -4*s + 2*t. Let x be 1 + -1 + -8 + 6 + 8. Calculate the highest common factor of s and x.
6
Suppose a - 8 = -a. Suppose -x + 20 = 3*x. Suppose 0*d - 5 = x*d + 5*z, d = a*z + 14. Calculate the greatest common divisor of d and 3.
1
Suppose -4*b = -53 - 23. Suppose 1330 = -94*v + 129*v. Calculate the greatest common factor of b and v.
19
Let f = 731 + -683. What is the highest common factor of 144 and f?
48
Let q = 226 + -184. Suppose -24 + 87 = z. What is the highest common divisor of z and q?
21
Let l = -29 - -54. Suppose 0 = 23*z - 19*z - 100. Suppose -l - z = -2*p. What is the greatest common divisor of p and 175?
25
Let k(a) be the second derivative of -3*a**3/2 - 29*a**2/2 + 14*a. Let z be k(-11). Calculate the highest common divisor of z and 28.
14
Let x(w) = 36*w + 4. Let l be x(3). Suppose 4*v + 4*b = l, -b = -5*v + 64 + 94. Suppose -3*g + v = -497. Calculate the greatest common divisor of g and 22.
22
Suppose 2*c - 7 = -v + 16, -5*v + 137 = -c. What is the highest common factor of 123 and 